s the greatest common factor of n and 5886?
6
Let p = 30 + 14. Suppose -3*s + 1048 + 842 = -3*h, 4*h - 2*s + 2516 = 0. Let q = -617 - h. What is the greatest common factor of q and p?
11
Let v be 204/(-18)*(-450)/20 - 0. Calculate the greatest common divisor of v and 105.
15
Let z = -4 - -4. Suppose 0 + 16 = b - 3*u, 4*u + 8 = z. Suppose 3*w - 5*o - 60 = 0, -w + 6*o = -4*w + 60. Calculate the greatest common divisor of b and w.
10
Let x(z) = -z**3 - 5*z**2 + 7*z + 68. Let h be x(-8). What is the greatest common factor of 12 and h?
12
Let b(z) = 8*z**2 + 1. Let r be b(1). Let q be (-5)/((-15)/24) - 4. Let p be 14 - (-5 + (q - 3)). Calculate the highest common divisor of p and r.
9
Let h = 166 + -257. Let z be (4/(-16))/(-1 - h/92). Suppose 0 = x - 1 - 1, -5*r = x - 232. What is the greatest common factor of z and r?
23
Let d be (0 - (-4)/(-2))*33. Suppose 429 = 3*m - 3*b, 0 = -3*m + 8*m + 3*b - 675. Let n = d + m. Calculate the greatest common divisor of 108 and n.
36
Suppose 2*u + 6*h - 11*h - 192 = 0, -4*h = 24. What is the highest common divisor of 1539 and u?
81
Suppose -41 + 61 = 5*d. Suppose d*l - 13 - 15 = 0. Let c = 19 + l. Calculate the highest common divisor of 26 and c.
26
Suppose y + 91 = 8*y. Let j(u) = -13 - y + 23 - 2*u. Let a be j(-3). Calculate the highest common factor of 3 and a.
3
Suppose 4*p - 1182 = -i, 5*i - 8229 + 2319 = -p. What is the greatest common factor of 78 and i?
6
Let b be (-987)/235*280/(-24). Calculate the greatest common factor of 427 and b.
7
Let v(n) = 7*n**3 + 3*n**2 - 5*n - 4. Let u be v(2). Let g(o) = 2*o + 54. Let h be g(0). What is the greatest common factor of u and h?
54
Suppose w - 84 = -5*f, w + 3*f = -15 + 91. Calculate the highest common factor of 2 and w.
2
Let j = 2703 - 2651. Calculate the highest common factor of 91 and j.
13
Suppose 4*m + 3*n - 681 = 0, 7*n - 6*n - 507 = -3*m. Let i = 41 + -17. What is the highest common factor of m and i?
24
Let w(m) be the second derivative of m**5/20 - 3*m**4 + 71*m**3/6 - 95*m**2/2 - 204*m. Let g be w(34). What is the highest common factor of 91 and g?
7
Let u = -18635 + 19597. Calculate the highest common divisor of 592 and u.
74
Suppose 378 = 4*s + 3*n - 105, 3*s = 3*n + 357. Suppose -81*p - 60 = -85*p. What is the highest common divisor of s and p?
15
Suppose -2*j = -4*d - 496, 29*d = j + 24*d - 266. What is the highest common factor of 8 and j?
4
Suppose -3*w = -4*p + 2456, 3*p - 3*w - 1256 = 586. Suppose l + 3*l - 2*i - p = 0, -4*i + 20 = 0. Calculate the greatest common factor of l and 104.
52
Let h be (-32676)/154 + 4/22. Let w = 258 + h. Calculate the greatest common divisor of 2 and w.
2
Let l = 9 + 24. Let w(h) = -h**3 + 33*h**2 - 2*h + 115. Let p be w(l). What is the highest common divisor of p and 392?
49
Let n be 2860/(-312) + (-1)/(-6). Let t be (12 + n)*(-56)/(-6) - 3. Suppose -2*c + 5*c = 75. What is the greatest common factor of c and t?
25
Let d = 0 + 11. Suppose -z - 29 = 4*h - h, 0 = -h + z - d. Let y(q) = q**2 - 16. Let r be y(h). Calculate the highest common factor of r and 56.
28
Suppose 398*j - 3475 = 107*j - 856. Calculate the highest common factor of 2592 and j.
9
Let o = 38 + -18. Suppose 22*b - 2 = o*b. Let q(n) = 419*n - 1. Let j be q(b). Calculate the highest common divisor of 38 and j.
38
Let c be (582/18 + -3)/((-6)/(-9)). What is the highest common divisor of 1000 and c?
4
Let f = 361 - 250. Suppose 0 = 37*m - 29*m - 80. Suppose -m*x = -7*x - f. Calculate the highest common factor of 111 and x.
37
Let j = -5 + 2. Let m(f) be the third derivative of -f**6/120 - f**4/12 + 5*f**3/6 - 1136*f**2. Let c be m(j). What is the greatest common factor of 19 and c?
19
Let y be (-2 + (-172)/(-8))/((-6)/(-8)). Suppose 146 - y = q. Calculate the greatest common factor of q and 45.
15
Let g(t) = -t**2 + 7*t + 16. Let o be g(9). Let j be (o - (-483)/14) + 3/(-2). Let h = j + -27. Calculate the highest common factor of h and 4.
4
Let r(h) = -4*h**2 - 78*h - 4. Let p(x) = 2*x**3 - 9*x**2 - 7*x - 4. Let s be p(5). Let k be r(s). What is the highest common divisor of 32 and k?
16
Suppose 2313 = 42*w - 1173. What is the highest common divisor of 7 and w?
1
Let s(h) = -59*h**3 + 57*h**3 - 8*h**2 - 19*h - 3 - 23*h**2. Let i be s(-15). What is the highest common factor of i and 57?
57
Suppose 5*z = 2*m + 446, -4*m = -z + 46 + 36. Calculate the highest common factor of 1026 and z.
18
Let u = -39 - -59. Let r(n) = -n**2 + 4*n - 1 - 3*n + u*n**3 + 17*n**3 - 2*n**3. Let b be r(1). What is the highest common divisor of b and 136?
34
Suppose -5*d + 10*l = -83790, -8*l = -d - 12*l + 16734. Calculate the highest common divisor of d and 250.
250
Let l be ((-186525)/25 - 19)*(-3)/2. Calculate the greatest common divisor of l and 110.
110
Let p = -52 + 35. Let i = p - -24. Suppose 3*y - 2*y + z = 28, -4*z = -5*y + 140. Calculate the greatest common divisor of i and y.
7
Suppose 11*z - 2406 = 2445. Let j = -377 + z. What is the highest common divisor of j and 104?
8
Suppose -16 = -0*b - 2*b. Let p be ((b - 6)*11/(-2))/(-1). Let r be 7380/66 - (-2)/p. Calculate the greatest common divisor of r and 16.
16
Suppose -7*i = -2*i + 70. Let c be 938/i - 1*-4. Let g = c + 108. Calculate the highest common divisor of g and 5.
5
Let i be (5 + -5 - 0) + 4. Suppose i*x + 2 = 18. Calculate the greatest common factor of x and 68.
4
Suppose 63*n - 114*n + 178857 = 0. What is the greatest common divisor of n and 63?
21
Let d(m) = -4*m**3 - 2*m**2 + 3*m + 105. Let w be d(-7). Calculate the highest common factor of 14 and w.
14
Let h be ((-2)/(-3))/(6/45). Suppose -3*m - 90 = -h*d, 0*d + 5*m + 17 = 2*d. What is the greatest common factor of 21 and d?
21
Let j(d) = 260*d - 251. Let i be j(1). Calculate the greatest common factor of i and 52.
1
Suppose -54*f + 53*f = 2, -3*y + 3*f = -183. Calculate the greatest common divisor of y and 4956.
59
Suppose 1110 = -11*x + 17*x. Let l = x - 146. Calculate the greatest common factor of 52 and l.
13
Let n = 297 - 289. Let r(y) = -2*y + 13. Let f be r(6). Calculate the highest common factor of n and f.
1
Suppose -19*j = -26*j + 42. Suppose 5*p + j*q - 183 = 8*q, -4*q + 89 = 3*p. Let r(u) = 13*u - 8. Let k be r(6). What is the highest common factor of p and k?
35
Let t be -43*((-36)/28 + 6/21). Suppose p + 20 = -4*p, 5*p + t = x. Calculate the greatest common divisor of 92 and x.
23
Let g = 5626 - 3196. What is the highest common divisor of 30 and g?
30
Let u be 1 + 2 + (-4188)/(-6). Let f = -389 + u. Calculate the highest common factor of 39 and f.
39
Let s = 14752 + -14436. Calculate the highest common divisor of 2370 and s.
158
Let u be (-365)/(-146) + (-735)/(-6). What is the greatest common factor of 75 and u?
25
Let j = -141 - -129. Let u be 2 + 50 + (-4)/j*6. Calculate the greatest common divisor of u and 1566.
54
Suppose -4*j - p + 682 = 0, -170*j - 856 = -175*j - 3*p. What is the highest common factor of j and 1394?
34
Let z = -478 - -451. Let q be (20/12)/((-3)/z). What is the greatest common factor of q and 555?
15
Suppose -17*y + 22*y - 2655 = 0. Suppose 8*n + 339 = y. What is the highest common factor of 128 and n?
8
Suppose q - 20 = -4*q. Suppose -q*b + 4 = -2*b. Suppose 2*l + 3*m = -b*m + 38, -3*l + 3*m = -15. What is the greatest common factor of 18 and l?
9
Let h = -37422 - -37425. What is the greatest common divisor of h and 13263?
3
Let c(j) = -j**3 - 9*j**2 + j + 8. Let u be 12/8*6/(-1). Let y be c(u). Let o be -10*(y/5 + -1). What is the highest common factor of 36 and o?
12
Let j(t) = 6*t - 104. Let z be j(22). Suppose -11 = -3*l - 3*s + 10, -5*l + 2*s = -z. What is the highest common divisor of 9 and l?
3
Let h be (-9 - -167 - -10)/(4/10). Let q = -2 + h. What is the highest common divisor of q and 38?
38
Let o(t) = t**2 - t - 22. Let z be o(8). Suppose -r = -3*r + z. Suppose 6*f - 80 - 328 = 0. What is the greatest common factor of f and r?
17
Let d = 471 - 355. Suppose -5*c + 311 = 3*o - 65, o + 4*c - d = 0. Calculate the highest common factor of o and 12.
12
Let v be (-4)/(((-3)/6)/(9/6)). Suppose 0 = 5*g - 192 + v. Calculate the highest common divisor of 3 and g.
3
Let d = 46 - 36. Suppose 5*f = o - 5, -o - f = o - d. Suppose 0 = -o*h - 4*b + 198, -2*h - 2*b = -3*b - 74. Calculate the greatest common factor